 factors of t.
2, 163
Let t(x) be the first derivative of 23/2*x**2 - 23*x - 18 - 1/3*x**3. List the prime factors of t(21).
19
Suppose -l + 2 = 3*c, 2*l = 6*l + 5*c + 6. List the prime factors of 0 + l + 1 - -208.
5, 41
Suppose -3*v = 4*g - 3769, 0 = 2481*g - 2479*g + 3*v - 1883. What are the prime factors of g?
23, 41
What are the prime factors of -6726*(-7*(-2)/7 + (-35)/15)?
2, 19, 59
What are the prime factors of ((-192)/144)/((120/(-37458))/5)?
2081
Let b(h) = 4022*h + 91. What are the prime factors of b(1)?
3, 457
Suppose 0 = -8*w + 4*w + 28. List the prime factors of (-8)/((-112)/4490) + 2/w.
3, 107
Let i(l) = 10*l**3 + 7*l**2 - 2*l - 4. Let h be i(-3). Let j = 433 + h. List the prime factors of j.
2, 3, 19
Suppose r + u = -3*u - 290, 5*r = 2*u - 1538. Let b = 641 + r. List the prime factors of b.
5, 67
Let t(u) = 63*u**2 + 5 + 2 + 3*u - 57*u**2 - 3. Let y(j) = -j. Let d be y(3). List the prime factors of t(d).
7
Let b be 91/2*(2 - 6). Let m = -306 + 566. Let r = b + m. What are the prime factors of r?
2, 3, 13
Suppose 15 = 5*f - 0. Suppose -150 = -2*b - 2*w, 78 = 5*b + 2*w - 282. Suppose f*k = k + b. List the prime factors of k.
5, 7
Let g = 15 + -12. Let f be -72 - -8 - 2/(1 - g). Let z = f - -91. What are the prime factors of z?
2, 7
Let a = 271 - -8116. List the prime factors of a.
8387
Let p be 18*((-3)/6*-2)/3. Let z = 2 - p. What are the prime factors of (-157)/(4/(16/z))?
157
Let u(l) = -3*l**3 - 244*l**2 + 119*l + 53. What are the prime factors of u(-83)?
3, 29, 283
Let b(f) = f**3 - 9*f**2 + 14*f - 4. Let m be b(12). Suppose -63*v + m = -67*v. Let c = -34 - v. What are the prime factors of c?
5, 23
Let a be ((-29)/(-58))/(1/4*-1). What are the prime factors of (5 - (-3 - a)) + 429?
3, 5, 29
Suppose n + 5*q - 2259 = 0, -1853 = -2*n + 2*q + 2677. What are the prime factors of n?
2, 283
Let g be ((16/6)/(-4))/((-2)/45). Suppose 3 = -2*w + g. Let b(o) = o**3 - 4*o**2 + o - 12. List the prime factors of b(w).
2, 3, 11
Let l(w) = 61*w + 698. Let o be l(-10). Let x = 174 + 170. Suppose -4*q = -o - x. List the prime factors of q.
2, 3
What are the prime factors of (-2)/(-4)*(388 + -19 + (5 - 0))?
11, 17
List the prime factors of ((2 - ((-10)/(-2) + 2)) + 6)*10979.
10979
Suppose -4*d + 3*s + 1712 = 0, 4*s + 16 = -0. Suppose -4*n + d = -1191. What are the prime factors of n?
2, 101
Suppose -y - 9 = -5*c, 3*y - c + 15 = 2. List the prime factors of 1 + 12/24 + (-2202)/y.
2, 3, 23
Suppose 0*s + 182268 = 36*s - 0*s. What are the prime factors of s?
61, 83
Let d be 72360/132 + (1 - 13/11). Suppose d = 225*l - 223*l. What are the prime factors of l?
2, 137
Suppose -5*q - 2*l - 3*l = -1365, -1090 = -4*q - 2*l. Let c = q + 182. What are the prime factors of c?
2, 227
Let f be 44/(-220) + 152/10. List the prime factors of 9/(f/5) - -426.
3, 11, 13
Let w = 5957 - 141. List the prime factors of w.
2, 727
Suppose -2*k = -5*i + 25, -5*k + i + 1 = 6. Let h(c) = c - 30. Let w be h(33). Suppose 0 = s - 2*n - n - 44, k = w*n. List the prime factors of s.
2, 11
Suppose u = 5*x - 27, 20 - 5 = 3*x - u. Let d be (0 - 66)*(2 - (-3 + x)). Let j = d + -26. List the prime factors of j.
2, 5
Let f = -15635 - -41542. List the prime factors of f.
7, 3701
Let d(b) = -6*b**2 + b + 1. Let c be d(1). List the prime factors of (-2017)/c + 1/(-4).
2, 3, 7
Suppose q - 86 = -85, 2*q + 32586 = 4*g. What are the prime factors of g?
8147
Let b = -21 + 24. Let v(q) = 8*q - 4. What are the prime factors of v(b)?
2, 5
Suppose 0 = -5*l - 0*l - z + 20260, 4*l - 16232 = 4*z. Suppose -l = -185*n + 178*n. List the prime factors of n.
3, 193
Let p = 1183 - -2317. List the prime factors of p.
2, 5, 7
Suppose 3*a = -3*a - 5*a + 49885. What are the prime factors of a?
5, 907
Let w(v) = v + 6. Let k be 2/8 - (-63)/36. Let u be 404/36 - k/9. List the prime factors of w(u).
17
Let j be 4/(-14)*(-5 + -2). Let w(q) = 19*q**2 - 3*q**3 - 4*q + 0*q**2 + 4*q**3 - 4*q**j + 4. List the prime factors of w(-15).
2
Let m(l) = -11*l + 48. Let o be m(4). What are the prime factors of ((-1422)/(-24))/((-13)/4 + o)?
79
Let k = 356 - 346. List the prime factors of k*(-2 + (-4509)/(-45)).
2, 491
Let v(z) = 13259*z**2 - 196*z - 2. What are the prime factors of v(1)?
37, 353
Let h be 2/(((-6)/(-15))/(8/20)). Suppose 2514 = 5*q - 2*t, -3*q - h*t - 2*t = -1524. Suppose q = 3*s - 120. What are the prime factors of s?
2, 13
Let q = -37044 + 63536. What are the prime factors of q?
2, 37, 179
Suppose -2*g + 1659 = -4*g - v, 2*g - 2*v = -1644. Let r = -329 - g. List the prime factors of r.
2, 3, 83
Let y(b) = -742*b - 31. Let t be y(-5). Suppose 0 = -15*w + t - 1069. List the prime factors of w.
2, 3, 29
Suppose -36 = 3*y - 18. What are the prime factors of 30 + 5*(y - -7)?
5, 7
Let s = 2 - -10. Let p(a) = 5*a + 60. Let c be p(6). Suppose s*i = 17*i - c. What are the prime factors of i?
2, 3
Let n = -659 + 662. Let b(z) = 21*z**2 + 17*z - 1. List the prime factors of b(n).
239
Let d = -756 - -359. Let l = d - -585. Suppose -88 = -4*n + l. List the prime factors of n.
3, 23
Suppose -9*s = -7*s - 8. Suppose -5*r + 1424 + 1379 = s*y, -4*y + 1126 = 2*r. List the prime factors of r.
13, 43
Let x(s) = 35*s**3 + 6*s**2 - 5*s + 1. Let q = 112 - 109. List the prime factors of x(q).
5, 197
Suppose 958726 = 38*y - 1573404. What are the prime factors of y?
5, 13327
Let f be (-2)/(-7) + (-2)/7. Suppose f = 5*s - 214 - 221. Suppose -3*y = -s - 69. List the prime factors of y.
2, 13
Suppose -r = 3*r + 280. Let q = -67 - r. Let k(w) = 6*w**3 - 3*w**2 + 2*w - 7. What are the prime factors of k(q)?
2, 67
Suppose 0 = 32*u - 28*u - 3*n - 11718, 8783 = 3*u - 5*n. What are the prime factors of u?
3, 977
Let s(h) = -30*h**2 + 20*h - 5. Let c be s(5). Let p = 1313 + c. List the prime factors of p.
2, 7, 47
Let p(m) = -m**2 - m + 10. Let x be p(0). Let r be (43/(-2))/(5/x). Let a = r + 50. List the prime factors of a.
7
Suppose 0 = 2*p - 4*k - 57534, 174*p - 169*p + 3*k = 143822. What are the prime factors of p?
5, 11, 523
Let d be ((-31)/(-62))/((-1)/(-8)). Suppose 0*g + 6 = g + w, 0 = d*g - 4*w + 8. What are the prime factors of (258 + g)/(-10 - -11)?
2, 5, 13
Let b(y) = 2*y**2 - 4*y - 2. Let u be b(-1). Suppose u*i + 32*g = 31*g + 2403, -1785 = -3*i + 5*g. List the prime factors of i.
2, 3, 5
Suppose -165*s + 156*s + 29223 = 0. Suppose w = h + 1077, 3*w = -6*h + h + s. List the prime factors of w.
13, 83
Let d = 145 - 142. Suppose 0 = 2*g + 4*n - 320, 2*g - 4*n - 340 = -d*n. List the prime factors of g.
2, 3, 7
Let p(r) = 304*r**2 + 56*r - 411. List the prime factors of p(8).
101, 193
Suppose 0 = -27*n + 28*n - 4. Suppose n*q - 2466 = -2*r + 4608, 0 = -5*q - 4*r + 8847. What are the prime factors of q?
3, 19, 31
Let y = -36 - -51. Suppose -y*i - 11 = -4*i. List the prime factors of (13 - 12)/(32/30 + i).
3, 5
Let b(s) = 8*s - 51*s - 36 + 35*s. Let x be 1 - 2 - 30/2. What are the prime factors of b(x)?
2, 23
Suppose -5*v + l + 480 = 0, 3*l + 11 = v - 71. Let k = v + -97. Suppose 2*n - 204 - 10 = k. List the prime factors of n.
107
What are the prime factors of (-20)/(-240)*-9 - 22685/8*-6?
3, 53, 107
Let p(r) = r - 26. Let d be p(29). Suppose 5*g - 6616 = -d*g. List the prime factors of g.
827
List the prime factors of (176/(-660))/((-12)/(-10)) + (-93010)/(-18).
5167
Let x(p) = -3*p**3 + 4*p**2 + 4*p - 1. Let u(m) = m**3 - 2*m - 1. Let t(g) = 4*u(g) + x(g). Let c be (-2 - (-2 - -1)) + -3. What are the prime factors of t(c)?
11
Let c(l) = -7*l - 3 + 71 - 239*l. What are the prime factors of c(-3)?
2, 13, 31
Let l(u) = 1531*u - 6922. What are the prime factors of l(33)?
59, 739
Suppose 0 = 561*w - 1129*w + 562*w + 90546. List the prime factors of w.
15091
Suppose 18*z - 232174 = 57338. List the prime factors of z.
2, 4021
Let k = -576 + 1035. What are the prime factors of (-2)/17 - (-155655)/k?
3, 113
Let h = 6195 + -6205. Let d be 87/27 - 4/18. List the prime factors of d/(3/124)*(-15)/h.
2, 3, 31
Let v(w) be the first derivative of w**3 - 21*w**2 - 10*w - 20. List the prime factors of v(19).
5, 11
Suppose -5*a + u = -29506, 3*a - 17718 = 9*u - 6*u. What are the prime factors of a?
2, 5, 59
Let c = 21229 - 7367. What are the prime factors of c?
2, 29, 239
Suppose 50 = -3*n - 5*l, -39 = 4*n + 4*l + 25. Let m(z) be the first derivat